{"id":1153,"date":"2022-08-11T20:06:00","date_gmt":"2022-08-11T20:06:00","guid":{"rendered":"https:\/\/online.dentalcenter-ixtlahuaca.com\/?post_type=product&#038;p=1153"},"modified":"2022-08-11T20:06:00","modified_gmt":"2022-08-11T20:06:00","slug":"micromotor-mdc-iii-mdc","status":"publish","type":"product","link":"https:\/\/online.dentalcenter-ixtlahuaca.com\/?product=micromotor-mdc-iii-mdc","title":{"rendered":"MICROMOTOR MDC III. MDC"},"content":{"rendered":"<p>Micromotor para consultorio MDC III Marathon<\/p>\n<p>Con pieza de mano para contrangulo.<br \/>\nTama\u00f1o compacto y de f\u00e1cil transportaci\u00f3n.<br \/>\nPieza de mano para uso en laboratorio o cl\u00ednica.<br \/>\nCaja de control de poder de 30 voHs \u2013 0.5 amperes.<br \/>\nVelocidad variable de hasta 35,000 RPM.<br \/>\nControl de adelante y reversa.<br \/>\nControl manual o pedal.<br \/>\n110\/220 V, 50\/60Hz.<br \/>\n6 meses de garant\u00eda contra defecto de fabrica.<\/p>\n","protected":false},"excerpt":{"rendered":"<p>Micromotor para consultorio MDC III Marathon Con pieza de mano para contrangulo. Tama\u00f1o compacto y de f\u00e1cil transportaci\u00f3n. Pieza de&#8230;<\/p>\n","protected":false},"featured_media":1154,"comment_status":"open","ping_status":"closed","template":"","meta":[],"product_cat":[54],"product_tag":[],"class_list":{"0":"post-1153","1":"product","2":"type-product","3":"status-publish","4":"has-post-thumbnail","6":"product_cat-laboratorio","8":"first","9":"instock","10":"shipping-taxable","11":"purchasable","12":"product-type-simple"},"_links":{"self":[{"href":"https:\/\/online.dentalcenter-ixtlahuaca.com\/index.php?rest_route=\/wp\/v2\/product\/1153","targetHints":{"allow":["GET"]}}],"collection":[{"href":"https:\/\/online.dentalcenter-ixtlahuaca.com\/index.php?rest_route=\/wp\/v2\/product"}],"about":[{"href":"https:\/\/online.dentalcenter-ixtlahuaca.com\/index.php?rest_route=\/wp\/v2\/types\/product"}],"replies":[{"embeddable":true,"href":"https:\/\/online.dentalcenter-ixtlahuaca.com\/index.php?rest_route=%2Fwp%2Fv2%2Fcomments&post=1153"}],"wp:featuredmedia":[{"embeddable":true,"href":"https:\/\/online.dentalcenter-ixtlahuaca.com\/index.php?rest_route=\/wp\/v2\/media\/1154"}],"wp:attachment":[{"href":"https:\/\/online.dentalcenter-ixtlahuaca.com\/index.php?rest_route=%2Fwp%2Fv2%2Fmedia&parent=1153"}],"wp:term":[{"taxonomy":"product_cat","embeddable":true,"href":"https:\/\/online.dentalcenter-ixtlahuaca.com\/index.php?rest_route=%2Fwp%2Fv2%2Fproduct_cat&post=1153"},{"taxonomy":"product_tag","embeddable":true,"href":"https:\/\/online.dentalcenter-ixtlahuaca.com\/index.php?rest_route=%2Fwp%2Fv2%2Fproduct_tag&post=1153"}],"curies":[{"name":"wp","href":"https:\/\/api.w.org\/{rel}","templated":true}]}}